 factors of 6032476051.
7, 16811, 51263
What are the prime factors of 1774990866?
2, 3, 11, 2444891
List the prime factors of 2404864649.
11, 31, 7052389
List the prime factors of 154689001.
17, 9099353
What are the prime factors of 37612473?
3, 821, 15271
List the prime factors of 296080600.
2, 5, 887, 1669
What are the prime factors of 5761728614?
2, 28817, 99971
What are the prime factors of 10191754?
2, 5095877
List the prime factors of 7800962515.
5, 1560192503
What are the prime factors of 390146013?
3, 47, 922331
What are the prime factors of 6942568497?
3, 229, 10105631
What are the prime factors of 100543?
29, 3467
What are the prime factors of 19635232?
2, 379, 1619
List the prime factors of 535149725.
5, 11, 19, 9311
List the prime factors of 33122722.
2, 16561361
What are the prime factors of 79535543?
241, 401, 823
What are the prime factors of 303598362?
2, 3, 523, 96749
What are the prime factors of 841533275?
5, 11, 19, 161059
What are the prime factors of 41695127?
29, 641, 2243
List the prime factors of 1526270338.
2, 763135169
List the prime factors of 705145121.
29, 24315349
List the prime factors of 3234049.
7, 13, 5077
List the prime factors of 48875529.
3, 23, 151, 4691
What are the prime factors of 752810189?
752810189
What are the prime factors of 46149272?
2, 13, 41, 79, 137
List the prime factors of 94359858.
2, 3, 15726643
List the prime factors of 19151098.
2, 97, 98717
What are the prime factors of 69519926?
2, 7, 101341
List the prime factors of 2736984784.
2, 7103, 24083
List the prime factors of 3702537923.
7, 19, 41, 61, 11131
List the prime factors of 1077196195.
5, 215439239
What are the prime factors of 39096369?
3, 13, 334157
List the prime factors of 151517590.
2, 5, 7, 19, 37, 3079
List the prime factors of 33430701.
3, 1777, 6271
List the prime factors of 124374712.
2, 7, 11, 201907
List the prime factors of 264780124.
2, 7, 19, 97, 733
List the prime factors of 358407896.
2, 7, 11, 23, 41, 617
What are the prime factors of 789535205?
5, 263, 600407
What are the prime factors of 764119396?
2, 191029849
What are the prime factors of 92129285?
5, 73, 252409
What are the prime factors of 11793341?
7, 1684763
What are the prime factors of 24363414?
2, 3, 17, 103, 773
List the prime factors of 1094350.
2, 5, 43, 509
What are the prime factors of 130333786?
2, 11, 5924263
What are the prime factors of 213255070?
2, 5, 7, 3046501
List the prime factors of 488356339.
488356339
List the prime factors of 135050866.
2, 67525433
List the prime factors of 3496337186.
2, 1748168593
List the prime factors of 54384259.
23, 311, 7603
What are the prime factors of 1738814522?
2, 869407261
What are the prime factors of 66051255?
3, 5, 877, 5021
List the prime factors of 5296691452.
2, 13, 101859451
What are the prime factors of 920009650?
2, 5, 7, 2628599
What are the prime factors of 191002650?
2, 3, 5, 17, 74903
List the prime factors of 990705276.
2, 3, 11, 833927
What are the prime factors of 39715325?
5, 13, 122201
What are the prime factors of 426580180?
2, 5, 13, 193, 8501
List the prime factors of 1973662780.
2, 5, 167, 643, 919
List the prime factors of 2882896583.
7, 29, 14201461
List the prime factors of 764306767.
7, 23, 31, 153137
What are the prime factors of 141124151?
7, 43, 468851
List the prime factors of 368264492.
2, 1483, 62081
List the prime factors of 210981814.
2, 19, 5552153
List the prime factors of 133592693.
13, 10276361
What are the prime factors of 111681895?
5, 13, 83, 127, 163
What are the prime factors of 1435549590?
2, 3, 5, 29, 587, 937
List the prime factors of 74015825.
5, 13, 53, 4297
What are the prime factors of 27512763?
3, 41, 223681
What are the prime factors of 194020840?
2, 5, 13, 79, 4723
What are the prime factors of 28354720?
2, 5, 177217
What are the prime factors of 7749632301?
3, 43, 293, 205033
What are the prime factors of 402230625?
3, 5, 17, 12619
List the prime factors of 105421202.
2, 131, 402371
What are the prime factors of 33841480?
2, 5, 846037
List the prime factors of 11870587.
11870587
What are the prime factors of 1081598792?
2, 593, 227993
List the prime factors of 7085761501.
7, 13, 23, 47, 72031
List the prime factors of 8792719281.
3, 19, 199, 258389
What are the prime factors of 154326485?
5, 101, 305597
List the prime factors of 36880413.
3, 967, 12713
What are the prime factors of 27577942?
2, 7, 461, 4273
What are the prime factors of 4337017527?
3, 73, 19803733
What are the prime factors of 19988992?
2, 39041
What are the prime factors of 2471391887?
9157, 269891
List the prime factors of 78566879.
78566879
List the prime factors of 1162266613.
19, 23, 367, 7247
What are the prime factors of 1480614198?
2, 3, 7, 29, 269, 4519
List the prime factors of 181452071.
19, 1571, 6079
List the prime factors of 24254321.
7, 13, 179, 1489
What are the prime factors of 6640716?
2, 3, 109, 5077
List the prime factors of 246262756.
2, 1117, 55117
List the prime factors of 278587727.
11, 25326157
List the prime factors of 34478363.
17, 2028139
What are the prime factors of 2113388621?
53, 647, 61631
What are the prime factors of 13321336?
2, 7, 17, 1999
List the prime factors of 45618440.
2, 5, 7, 191, 853
What are the prime factors of 1197606425?
5, 79, 606383
What are the prime factors of 33527913?
3, 19, 521, 1129
List the prime factors of 57634297.
7, 23, 357977
What are the prime factors of 181948208?
2, 13, 613, 1427
List the prime factors of 283602743.
37, 7664939
List the prime factors of 1309422903.
3, 436474301
List the prime factors of 5773310944.
2, 180415967
List the prime factors of 1371959858.
2, 683, 1004363
List the prime factors of 42290897.
11, 3844627
List the prime factors of 1915229017.
13, 61, 307, 7867
List the prime factors of 2060358274.
2, 13, 79244549
What are the prime factors of 343826208?
2, 3, 11, 31, 389
What are the prime factors of 62838260?
2, 5, 3141913
What are the prime factors of 120360778?
2, 37, 1626497
What are the prime factors of 1104507029?
31, 761, 46819
List the prime factors of 232406592.
2, 3, 11, 17, 6473
What are the prime factors of 330266602?
2, 859, 192239
List the prime factors of 116891009.
2027, 57667
List the prime factors of 99883699.
99883699
List the prime factors of 316798967.
53, 5977339
What are the prime factors of 485723807?
1367, 355321
What are the prime factors of 84685926?
2, 3, 13, 19, 57143
What are the prime factors of 268193950?
2, 5, 1129, 4751
What are the prime factors of 5121396894?
2, 3, 853566149
List the prime factors of 123674467.
7, 17667781
What are the prime factors of 1800280577?
31, 2741, 21187
List the prime factors of 89778935.
5, 251, 71537
List the prime factors of 2588542252.
2, 463, 593, 2357
What are the prime factors of 348947454?
2, 3, 58157909
List the prime factors of 169754749.
367, 462547
What are the prime factors of 1121741?
19, 43, 1373
What are the prime factors of 58858871?
79, 9431
List the prime factors of 1056183417.
3, 53, 2214221
What are the prime factors of 139890957?
3, 1607, 29017
What are the prime factors of 6501015171?
3, 7, 2105933
List the prime factors of 421444878.
2, 3, 29, 397, 6101
List the prime factors of 622922933.
622922933
What are the prime factors of 274300564?
2, 68575141
List the prime factors of 627929628.
2, 3, 67, 781007
What are the prime factors of 36648507?
3, 7, 191, 9137
List the prime factors of 635884531.
73, 8710747
What are the prime factors of 30294882?
2, 3, 1683049
What are the prime factors of 43051547?
7, 11, 79873
What are the prime factors of 29040938?
2, 14520469
What are the prime factors of 5012005840?
2, 5, 181, 346133
List the prime factors of 2411694862.
2, 163, 653, 11329
List the prime factors of 152155808.
2, 7, 29, 59, 397
What are the prime factors of 2640846676?
2, 13, 257, 197609
What are the prime factors of 398843670?
2, 3, 5, 29, 113, 4057
What are the prime factors of 32866485?
3, 5, 19, 115321
What are the prime factors of 775053167?
7, 110721881
What are the prime factors of 10710023?
10710023
What are the prime factors of 36528303?
3, 7, 1739443
What are the prime factors of 735535870?
2, 5, 163, 451249
List the prime factors of 187564531.
7, 11, 2435903
What are the prime factors of 2315